sands digit of 25311?
5
What is the units digit of 2666?
6
What is the tens digit of 61?
6
What is the units digit of 1919?
9
What is the hundreds digit of 829?
8
What is the units digit of 3194?
4
What is the hundreds digit of 20672?
6
What is the units digit of 1096?
6
What is the tens digit of 198?
9
What is the ten thousands digit of 16791?
1
What is the hundreds digit of 33136?
1
What is the ten thousands digit of 29381?
2
What is the thousands digit of 3292?
3
What is the hundreds digit of 59828?
8
What is the tens digit of 1445?
4
What is the ten thousands digit of 12514?
1
What is the hundreds digit of 662?
6
What is the units digit of 1337?
7
What is the units digit of 2096?
6
What is the tens digit of 4263?
6
What is the hundred thousands digit of 139636?
1
What is the thousands digit of 3344?
3
What is the tens digit of 716?
1
What is the tens digit of 250?
5
What is the units digit of 860?
0
What is the units digit of 6266?
6
What is the units digit of 90046?
6
What is the tens digit of 3201?
0
What is the thousands digit of 7698?
7
What is the tens digit of 22100?
0
What is the hundreds digit of 2182?
1
What is the thousands digit of 1877?
1
What is the units digit of 685?
5
What is the thousands digit of 1263?
1
What is the tens digit of 18979?
7
What is the thousands digit of 2968?
2
What is the hundred thousands digit of 156390?
1
What is the thousands digit of 4327?
4
What is the hundreds digit of 4510?
5
What is the thousands digit of 6390?
6
What is the tens digit of 2473?
7
What is the hundreds digit of 5360?
3
What is the units digit of 6884?
4
What is the thousands digit of 32961?
2
What is the tens digit of 51819?
1
What is the hundreds digit of 135?
1
What is the units digit of 11466?
6
What is the thousands digit of 1007?
1
What is the thousands digit of 19191?
9
What is the units digit of 35681?
1
What is the tens digit of 39659?
5
What is the hundreds digit of 5518?
5
What is the units digit of 38607?
7
What is the tens digit of 879?
7
What is the units digit of 22278?
8
What is the hundreds digit of 3941?
9
What is the thousands digit of 5805?
5
What is the tens digit of 614?
1
What is the thousands digit of 6174?
6
What is the tens digit of 58433?
3
What is the tens digit of 24227?
2
What is the units digit of 1344?
4
What is the units digit of 2313?
3
What is the tens digit of 757?
5
What is the ten thousands digit of 57864?
5
What is the units digit of 892?
2
What is the hundreds digit of 880?
8
What is the tens digit of 1487?
8
What is the thousands digit of 59732?
9
What is the ten thousands digit of 85350?
8
What is the thousands digit of 176124?
6
What is the tens digit of 115?
1
What is the units digit of 85?
5
What is the hundreds digit of 23677?
6
What is the hundreds digit of 234?
2
What is the tens digit of 808?
0
What is the thousands digit of 15262?
5
What is the thousands digit of 2199?
2
What is the tens digit of 802?
0
What is the hundreds digit of 4052?
0
What is the hundreds digit of 2414?
4
What is the units digit of 2302?
2
What is the hundreds digit of 2882?
8
What is the units digit of 929?
9
What is the tens digit of 4528?
2
What is the units digit of 32336?
6
What is the thousands digit of 3912?
3
What is the thousands digit of 4569?
4
What is the units digit of 20538?
8
What is the hundreds digit of 1763?
7
What is the tens digit of 10760?
6
What is the units digit of 1795?
5
What is the tens digit of 14668?
6
What is the units digit of 3401?
1
What is the ten thousands digit of 59955?
5
What is the hundreds digit of 660?
6
What is the units digit of 77722?
2
What is the hundreds digit of 1335?
3
What is the units digit of 680?
0
What is the units digit of 10487?
7
What is the hundreds digit of 749?
7
What is the hundreds digit of 4853?
8
What is the units digit of 1982?
2
What is the thousands digit of 36348?
6
What is the tens digit of 8646?
4
What is the thousands digit of 12653?
2
What is the units digit of 9889?
9
What is the tens digit of 341?
4
What is the hundreds digit of 10763?
7
What is the hundreds digit of 1696?
6
What is the thousands digit of 53613?
3
What is the thousands digit of 2506?
2
What is the hundreds digit of 5150?
1
What is the thousands digit of 2172?
2
What is the units digit of 8255?
5
What is the tens digit of 782?
8
What is the units digit of 32276?
6
What is the hundreds digit of 57513?
5
What is the thousands digit of 1823?
1
What is the units digit of 778?
8
What is the ten thousands digit of 16459?
1
What is the thousands digit of 1632?
1
What is the tens digit of 8052?
5
What is the hundreds digit of 39035?
0
What is the ten thousands digit of 90187?
9
What is the tens digit of 1004?
0
What is the hundreds digit of 2079?
0
What is the units digit of 5122?
2
What is the units digit of 3523?
3
What is the units digit of 1506?
6
What is the thousands digit of 11801?
1
What is the units digit of 4348?
8
What is the tens digit of 1781?
8
What is the units digit of 1070?
0
What is the tens digit of 41025?
2
What is the hundreds digit of 39579?
5
What is the tens digit of 12956?
5
What is the units digit of 33431?
1
What is the thousands digit of 56301?
6
What is the tens digit of 4501?
0
What is the hundreds digit of 4940?
9
What is the hundreds digit of 95710?
7
What is the thousands digit of 10664?
0
What is the hundreds digit of 1925?
9
What is the units digit of 801?
1
What is the thousands digit of 1840?
1
What is the tens digit of 8996?
9
What is the hundreds digit of 26781?
7
What is the ten thousands digit of 101712?
0
What is the tens digit of 124?
2
What is the hundreds digit of 710?
7
What is the hundreds digit of 4293?
2
What is the units digit of 953?
3
What is the ten thousands digit of 29373?
2
What is the tens digit of 280?
8
What is the ten thousands digit of 25984?
2
What is the thousands digit of 28258?
8
What is the hundreds digit of 62855?
8
What is the units digit of 2514?
4
What is the ten thousands digit of 12183?
1
What is the tens digit of 12341?
4
What is the tens digit of 33790?
9
What is the units digit of 4076?
6
What is the tens digit of 939?
3
What is the thousands digit of 1617?
1
What is the tens digit of 606?
0
What is the tens digit of 450?
5
What is the tens digit of 178?
7
What is the units digit of 740?
0
What is the tens digit of 355?
5
What is the units digit of 546?
6
What is the units digit of 9321?
1
What is the units digit of 3265?
5
What is the hundreds digit of 18473?
4
What is the thousands digit of 3428?
3
What is the units digit of 2260?
0
What is the tens digit of 14092?
9
What is the tens digit of 160?
6
What is the thousands digit of 4472?
4
What is the thousands digit of 2087?
2
What is the thousands digit of 10199?
0
What is the hundreds digit of 10753?
7
What is the units digit of 25701?
1
What is the units digit of 20337?
7
What is the thousands digit of 4085?
4
What is the units digit of 518?
8
What is the hundreds digit of 678?
6
What is the hundreds digit of 4451?
4
What is the units digit of 1516?
6
What is the thousands digit of 2508?
2
What is the tens digit of 6813?
1
What is the tens digit of 101?
0
What is the hundreds digit of 36737?
7
What is the hundreds digit of 987?
9
What is the units digit of 8411?
1
What is the thousands digit of 61768?
1
What is the tens digit of 1622?
2
What is the thousands digit of 2279?
2
What is the tens digit of 427?
2
What is the tens digit of 9909?
0
What is the units digit of 845?
5
What is the thousands digit of 2038?
2
What is the hundreds digit of 2362?
3
What is the hundreds digit of 937?
9
What is the hundreds digit of 14717?
7
What is the units digit of 12088?
8
What is the thousands digit of 1472?
1
What is the thousands digit of 4762?
4
What is the thousands digit of 49517?
9
What is the units digit of 67965?
5
What is the thousands digit of 5128?
5
What is the tens digit of 17334?
3
What is the ten thousands digit of 18412?
1
What is the hundreds digit of 106654?
6
What is the units digit of 34038?
8
What is the units digit of 31?
1
What is the thousands digit of 2101?
2
What is the tens digit of 3173?
7
What is the thousands digit of 148148?
8
What is the tens digit of 1730?
3
What is the thousands digit of 6543?
6
What is the thousands digit of 7